{"id":122,"date":"2017-12-05T12:56:17","date_gmt":"2017-12-05T11:56:17","guid":{"rendered":"http:\/\/demo08.cs-webdesign.dk\/?page_id=122"},"modified":"2020-03-15T13:29:12","modified_gmt":"2020-03-15T12:29:12","slug":"nyheder","status":"publish","type":"page","link":"https:\/\/bakkevej59.cph-eu.dk\/?page_id=122","title":{"rendered":"HISTORIEN .M.M."},"content":{"rendered":"<p class=\"tekst\">Bof\u00e6llesskabet Bakkevej startede op i august 1999 med hj\u00e6lp fra fondsmidler, og vi har derfor lige fejret 20 \u00e5rs jubil\u00e6um. Vores&nbsp;ambitionen er stadig den samme. Vi vil tilbyde og videreudvikle de mest optimale rammer til voksne med autisme.<\/p>\n<p class=\"tekst\">I de 20 \u00e5r bof\u00e6llsskabet har eksisteret har vi opbygget mange gode traditioner. &nbsp;Der bliver typisk afholdt 2 ferieture om \u00e5ret; nemlig en vinterferie og en sommerferie. Derudover har der ofte v\u00e6ret interesse for yderlige kortere ferieture. P\u00e5 Bakkevej bliver der afholdt vennefest i maj m\u00e5ned og arrangeret en julesammenkomst med p\u00e5r\u00f8rende i december. Beslutninger om arrangementer bliver altid aftalt p\u00e5 beboerm\u00f8der.<br \/>\n<!--more-->Alle beboere p\u00e5 Bakkevej har et besk\u00e6ftigelsestilbud. Det sker i henhold til \u00a7 103 og 104 i Serviceloven.Vi har fokus p\u00e5 at optimere beboerens oplevelse af sammenh\u00e6ng og helhed i hverdagen. Derfor har vi et t\u00e6t samarbejde med beboerens besk\u00e6ftigelsestilbud.<\/p>\n","protected":false},"excerpt":{"rendered":"<p>Bof\u00e6llesskabet Bakkevej startede op i august 1999 med hj\u00e6lp fra fondsmidler, og vi har derfor lige fejret 20 \u00e5rs jubil\u00e6um. Vores&nbsp;ambitionen er stadig den samme. Vi vil tilbyde og videreudvikle de mest optimale rammer til voksne med autisme. I de 20 \u00e5r bof\u00e6llsskabet har eksisteret har vi opbygget mange gode traditioner. &nbsp;Der bliver typisk afholdt &hellip; <\/p>\n<p class=\"link-more\"><a href=\"https:\/\/bakkevej59.cph-eu.dk\/?page_id=122\" class=\"more-link\">L\u00e6s videre<span class=\"screen-reader-text\"> &#8220;HISTORIEN .M.M.&#8221;<\/span><\/a><\/p>\n","protected":false},"author":2,"featured_media":244,"parent":0,"menu_order":0,"comment_status":"closed","ping_status":"closed","template":"","meta":[],"_links":{"self":[{"href":"https:\/\/bakkevej59.cph-eu.dk\/index.php?rest_route=\/wp\/v2\/pages\/122"}],"collection":[{"href":"https:\/\/bakkevej59.cph-eu.dk\/index.php?rest_route=\/wp\/v2\/pages"}],"about":[{"href":"https:\/\/bakkevej59.cph-eu.dk\/index.php?rest_route=\/wp\/v2\/types\/page"}],"author":[{"embeddable":true,"href":"https:\/\/bakkevej59.cph-eu.dk\/index.php?rest_route=\/wp\/v2\/users\/2"}],"replies":[{"embeddable":true,"href":"https:\/\/bakkevej59.cph-eu.dk\/index.php?rest_route=%2Fwp%2Fv2%2Fcomments&post=122"}],"version-history":[{"count":9,"href":"https:\/\/bakkevej59.cph-eu.dk\/index.php?rest_route=\/wp\/v2\/pages\/122\/revisions"}],"predecessor-version":[{"id":270,"href":"https:\/\/bakkevej59.cph-eu.dk\/index.php?rest_route=\/wp\/v2\/pages\/122\/revisions\/270"}],"wp:featuredmedia":[{"embeddable":true,"href":"https:\/\/bakkevej59.cph-eu.dk\/index.php?rest_route=\/wp\/v2\/media\/244"}],"wp:attachment":[{"href":"https:\/\/bakkevej59.cph-eu.dk\/index.php?rest_route=%2Fwp%2Fv2%2Fmedia&parent=122"}],"curies":[{"name":"wp","href":"https:\/\/api.w.org\/{rel}","templated":true}]}}